{"id":19,"date":"2022-11-26T19:08:15","date_gmt":"2022-11-26T19:08:15","guid":{"rendered":"https:\/\/www.erbayoto.com.tr\/?page_id=19"},"modified":"2022-12-06T20:58:18","modified_gmt":"2022-12-06T20:58:18","slug":"iletisim","status":"publish","type":"page","link":"https:\/\/www.erbayoto.com.tr\/index.php\/iletisim\/","title":{"rendered":"\u0130leti\u015fim"},"content":{"rendered":"\t\t<div data-elementor-type=\"wp-page\" data-elementor-id=\"19\" class=\"elementor elementor-19\">\n\t\t\t\t\t\t<section class=\"elementor-section elementor-top-section elementor-element elementor-element-dc53847 elementor-section-boxed elementor-section-height-default elementor-section-height-default\" data-id=\"dc53847\" data-element_type=\"section\">\n\t\t\t\t\t\t<div class=\"elementor-container elementor-column-gap-default\">\n\t\t\t\t\t<div class=\"elementor-column elementor-col-50 elementor-top-column elementor-element elementor-element-e620b74\" data-id=\"e620b74\" data-element_type=\"column\">\n\t\t\t<div class=\"elementor-widget-wrap elementor-element-populated\">\n\t\t\t\t\t\t<div class=\"elementor-element elementor-element-e8addd4 elementor-widget elementor-widget-image\" data-id=\"e8addd4\" data-element_type=\"widget\" data-widget_type=\"image.default\">\n\t\t\t\t<div class=\"elementor-widget-container\">\n\t\t\t\t\t\t\t\t\t\t\t\t\t\t\t<img fetchpriority=\"high\" decoding=\"async\" width=\"561\" height=\"655\" src=\"https:\/\/www.erbayoto.com.tr\/wp-content\/uploads\/2022\/11\/erbay-oto-erzurum-iletisim.jpg\" class=\"attachment-medium_large size-medium_large wp-image-515\" alt=\"\" srcset=\"https:\/\/www.erbayoto.com.tr\/wp-content\/uploads\/2022\/11\/erbay-oto-erzurum-iletisim.jpg 561w, https:\/\/www.erbayoto.com.tr\/wp-content\/uploads\/2022\/11\/erbay-oto-erzurum-iletisim-200x234.jpg 200w, https:\/\/www.erbayoto.com.tr\/wp-content\/uploads\/2022\/11\/erbay-oto-erzurum-iletisim-64x75.jpg 64w, https:\/\/www.erbayoto.com.tr\/wp-content\/uploads\/2022\/11\/erbay-oto-erzurum-iletisim-257x300.jpg 257w\" sizes=\"(max-width: 561px) 100vw, 561px\" \/>\t\t\t\t\t\t\t\t\t\t\t\t\t\t\t<\/div>\n\t\t\t\t<\/div>\n\t\t\t\t\t<\/div>\n\t\t<\/div>\n\t\t\t\t<div class=\"elementor-column elementor-col-50 elementor-top-column elementor-element elementor-element-5c5af3a\" data-id=\"5c5af3a\" data-element_type=\"column\">\n\t\t\t<div class=\"elementor-widget-wrap elementor-element-populated\">\n\t\t\t\t\t\t<div class=\"elementor-element elementor-element-11fe546 elementor-view-stacked elementor-position-left elementor-shape-circle elementor-mobile-position-top elementor-widget elementor-widget-icon-box\" data-id=\"11fe546\" data-element_type=\"widget\" data-widget_type=\"icon-box.default\">\n\t\t\t\t<div class=\"elementor-widget-container\">\n\t\t\t\t\t\t\t<div class=\"elementor-icon-box-wrapper\">\n\n\t\t\t\t\t\t<div class=\"elementor-icon-box-icon\">\n\t\t\t\t<span  class=\"elementor-icon elementor-animation-shrink\">\n\t\t\t\t<i aria-hidden=\"true\" class=\"fas fa-home\"><\/i>\t\t\t\t<\/span>\n\t\t\t<\/div>\n\t\t\t\n\t\t\t\t\t\t<div class=\"elementor-icon-box-content\">\n\n\t\t\t\t\t\t\t\t\t<h3 class=\"elementor-icon-box-title\">\n\t\t\t\t\t\t<span  >\n\t\t\t\t\t\t\tAdres\t\t\t\t\t\t<\/span>\n\t\t\t\t\t<\/h3>\n\t\t\t\t\n\t\t\t\t\t\t\t\t\t<p class=\"elementor-icon-box-description\">\n\t\t\t\t\t\tKurtulu\u015f Mahallesi 11. Sanayi Sokak Erzurum Oto Tamir ve \u0130malat\u00e7\u0131lar Odas\u0131 B Blok No: 4\/B, Yakutiye\/Erzurum\n\t\t\t\t\t<\/p>\n\t\t\t\t\n\t\t\t<\/div>\n\t\t\t\n\t\t<\/div>\n\t\t\t\t\t\t<\/div>\n\t\t\t\t<\/div>\n\t\t\t\t<div class=\"elementor-element elementor-element-8f99dbc elementor-view-stacked elementor-position-left elementor-shape-circle elementor-mobile-position-top elementor-widget elementor-widget-icon-box\" data-id=\"8f99dbc\" data-element_type=\"widget\" data-widget_type=\"icon-box.default\">\n\t\t\t\t<div class=\"elementor-widget-container\">\n\t\t\t\t\t\t\t<div class=\"elementor-icon-box-wrapper\">\n\n\t\t\t\t\t\t<div class=\"elementor-icon-box-icon\">\n\t\t\t\t<a href=\"https:\/\/api.whatsapp.com\/send?phone=905338123782\" class=\"elementor-icon\" tabindex=\"-1\" aria-label=\"+90 533 812 37 82 - WhatsApp \u0130leti\u015fim\">\n\t\t\t\t<i aria-hidden=\"true\" class=\"fab fa-whatsapp\"><\/i>\t\t\t\t<\/a>\n\t\t\t<\/div>\n\t\t\t\n\t\t\t\t\t\t<div class=\"elementor-icon-box-content\">\n\n\t\t\t\t\t\t\t\t\t<h3 class=\"elementor-icon-box-title\">\n\t\t\t\t\t\t<a href=\"https:\/\/api.whatsapp.com\/send?phone=905338123782\" >\n\t\t\t\t\t\t\t+90 533 812 37 82 - WhatsApp \u0130leti\u015fim\t\t\t\t\t\t<\/a>\n\t\t\t\t\t<\/h3>\n\t\t\t\t\n\t\t\t\t\t\t\t\t\t<p class=\"elementor-icon-box-description\">\n\t\t\t\t\t\tWhatsapp Icon'a t\u0131klayabilirsiniz.\t\t\t\t\t<\/p>\n\t\t\t\t\n\t\t\t<\/div>\n\t\t\t\n\t\t<\/div>\n\t\t\t\t\t\t<\/div>\n\t\t\t\t<\/div>\n\t\t\t\t<div class=\"elementor-element elementor-element-3f32556 elementor-view-stacked elementor-position-left elementor-shape-circle elementor-mobile-position-top elementor-widget elementor-widget-icon-box\" data-id=\"3f32556\" data-element_type=\"widget\" data-widget_type=\"icon-box.default\">\n\t\t\t\t<div class=\"elementor-widget-container\">\n\t\t\t\t\t\t\t<div class=\"elementor-icon-box-wrapper\">\n\n\t\t\t\t\t\t<div class=\"elementor-icon-box-icon\">\n\t\t\t\t<a href=\"https:\/\/api.whatsapp.com\/send?phone=905374966684\" class=\"elementor-icon\" tabindex=\"-1\" aria-label=\"+90 537 496 66 84 &lt;\/span&gt; - WhatsApp \u0130leti\u015fim\">\n\t\t\t\t<i aria-hidden=\"true\" class=\"fab fa-whatsapp\"><\/i>\t\t\t\t<\/a>\n\t\t\t<\/div>\n\t\t\t\n\t\t\t\t\t\t<div class=\"elementor-icon-box-content\">\n\n\t\t\t\t\t\t\t\t\t<h3 class=\"elementor-icon-box-title\">\n\t\t\t\t\t\t<a href=\"https:\/\/api.whatsapp.com\/send?phone=905374966684\" >\n\t\t\t\t\t\t\t+90 537 496 66 84 <\/span> - WhatsApp \u0130leti\u015fim\t\t\t\t\t\t<\/a>\n\t\t\t\t\t<\/h3>\n\t\t\t\t\n\t\t\t\t\t\t\t\t\t<p class=\"elementor-icon-box-description\">\n\t\t\t\t\t\tWhatsapp Icon'a t\u0131klayabilirsiniz.\t\t\t\t\t<\/p>\n\t\t\t\t\n\t\t\t<\/div>\n\t\t\t\n\t\t<\/div>\n\t\t\t\t\t\t<\/div>\n\t\t\t\t<\/div>\n\t\t\t\t<div class=\"elementor-element elementor-element-aa2f292 elementor-view-stacked elementor-position-left elementor-shape-circle elementor-mobile-position-top elementor-widget elementor-widget-icon-box\" data-id=\"aa2f292\" data-element_type=\"widget\" data-widget_type=\"icon-box.default\">\n\t\t\t\t<div class=\"elementor-widget-container\">\n\t\t\t\t\t\t\t<div class=\"elementor-icon-box-wrapper\">\n\n\t\t\t\t\t\t<div class=\"elementor-icon-box-icon\">\n\t\t\t\t<span  class=\"elementor-icon elementor-animation-shrink\">\n\t\t\t\t<i aria-hidden=\"true\" class=\"fas fa-at\"><\/i>\t\t\t\t<\/span>\n\t\t\t<\/div>\n\t\t\t\n\t\t\t\t\t\t<div class=\"elementor-icon-box-content\">\n\n\t\t\t\t\t\t\t\t\t<h3 class=\"elementor-icon-box-title\">\n\t\t\t\t\t\t<span  >\n\t\t\t\t\t\t\tE-Posta\t\t\t\t\t\t<\/span>\n\t\t\t\t\t<\/h3>\n\t\t\t\t\n\t\t\t\t\t\t\t\t\t<p class=\"elementor-icon-box-description\">\n\t\t\t\t\t\tinfo@erbayoto.com.tr\n\t\t\t\t\t<\/p>\n\t\t\t\t\n\t\t\t<\/div>\n\t\t\t\n\t\t<\/div>\n\t\t\t\t\t\t<\/div>\n\t\t\t\t<\/div>\n\t\t\t\t\t<\/div>\n\t\t<\/div>\n\t\t\t\t\t<\/div>\n\t\t<\/section>\n\t\t\t\t<section class=\"elementor-section elementor-top-section elementor-element elementor-element-3cf8c25 elementor-section-boxed elementor-section-height-default elementor-section-height-default\" data-id=\"3cf8c25\" data-element_type=\"section\">\n\t\t\t\t\t\t<div class=\"elementor-container elementor-column-gap-default\">\n\t\t\t\t\t<div class=\"elementor-column elementor-col-50 elementor-top-column elementor-element elementor-element-af243f8\" data-id=\"af243f8\" data-element_type=\"column\">\n\t\t\t<div class=\"elementor-widget-wrap elementor-element-populated\">\n\t\t\t\t\t\t<div class=\"elementor-element elementor-element-100905c elementor-widget elementor-widget-google_maps\" data-id=\"100905c\" data-element_type=\"widget\" data-widget_type=\"google_maps.default\">\n\t\t\t\t<div class=\"elementor-widget-container\">\n\t\t\t\t\t\t\t<div class=\"elementor-custom-embed\">\n\t\t\t<iframe loading=\"lazy\"\n\t\t\t\t\tsrc=\"https:\/\/maps.google.com\/maps?q=erbay%20oto%20yedek%20par%C3%A7a%20Erzurum%20Oto%20Tamir%20ve%20%C4%B0malat%C3%A7%C4%B1lar%20Odas%C4%B1&#038;t=m&#038;z=10&#038;output=embed&#038;iwloc=near\"\n\t\t\t\t\ttitle=\"erbay oto yedek par\u00e7a Erzurum Oto Tamir ve \u0130malat\u00e7\u0131lar Odas\u0131\"\n\t\t\t\t\taria-label=\"erbay oto yedek par\u00e7a Erzurum Oto Tamir ve \u0130malat\u00e7\u0131lar Odas\u0131\"\n\t\t\t><\/iframe>\n\t\t<\/div>\n\t\t\t\t\t\t<\/div>\n\t\t\t\t<\/div>\n\t\t\t\t\t<\/div>\n\t\t<\/div>\n\t\t\t\t<div class=\"elementor-column elementor-col-50 elementor-top-column elementor-element elementor-element-d95db85\" data-id=\"d95db85\" data-element_type=\"column\">\n\t\t\t<div class=\"elementor-widget-wrap elementor-element-populated\">\n\t\t\t\t\t\t<div class=\"elementor-element elementor-element-2816eaf elementor-widget elementor-widget-html\" data-id=\"2816eaf\" data-element_type=\"widget\" data-widget_type=\"html.default\">\n\t\t\t\t<div class=\"elementor-widget-container\">\n\t\t\t\t\t[wpforms id=\"517\" title=\"false\"]\t\t\t\t<\/div>\n\t\t\t\t<\/div>\n\t\t\t\t\t<\/div>\n\t\t<\/div>\n\t\t\t\t\t<\/div>\n\t\t<\/section>\n\t\t\t\t<\/div>\n\t\t","protected":false},"excerpt":{"rendered":"<p>Adres Kurtulu\u015f Mahallesi 11. Sanayi Sokak Erzurum Oto Tamir ve \u0130malat\u00e7\u0131lar Odas\u0131 B Blok No: 4\/B, Yakutiye\/Erzurum +90 533 812 37 82 &#8211; WhatsApp \u0130leti\u015fim Whatsapp Icon&#8217;a t\u0131klayabilirsiniz. +90 537 496 66 84 &#8211; WhatsApp \u0130leti\u015fim Whatsapp Icon&#8217;a t\u0131klayabilirsiniz. E-Posta info@erbayoto.com.tr [wpforms id=&#8221;517&#8243; title=&#8221;false&#8221;]<\/p>\n","protected":false},"author":1,"featured_media":0,"parent":0,"menu_order":0,"comment_status":"closed","ping_status":"closed","template":"","meta":{"footnotes":""},"class_list":["post-19","page","type-page","status-publish","hentry"],"yoast_head":"<!-- This site is optimized with the Yoast SEO plugin v26.5 - https:\/\/yoast.com\/wordpress\/plugins\/seo\/ -->\n<title>\u0130leti\u015fim - Erbay Oto Yedek Par\u00e7a<\/title>\n<meta name=\"robots\" content=\"index, follow, max-snippet:-1, max-image-preview:large, max-video-preview:-1\" \/>\n<link rel=\"canonical\" href=\"https:\/\/www.erbayoto.com.tr\/index.php\/iletisim\/\" \/>\n<meta property=\"og:locale\" content=\"tr_TR\" \/>\n<meta property=\"og:type\" content=\"article\" \/>\n<meta property=\"og:title\" content=\"\u0130leti\u015fim - Erbay Oto Yedek Par\u00e7a\" \/>\n<meta property=\"og:description\" content=\"Adres Kurtulu\u015f Mahallesi 11. Sanayi Sokak Erzurum Oto Tamir ve \u0130malat\u00e7\u0131lar Odas\u0131 B Blok No: 4\/B, Yakutiye\/Erzurum +90 533 812 37 82 &#8211; WhatsApp \u0130leti\u015fim Whatsapp Icon&#8217;a t\u0131klayabilirsiniz. +90 537 496 66 84 &#8211; WhatsApp \u0130leti\u015fim Whatsapp Icon&#8217;a t\u0131klayabilirsiniz. E-Posta info@erbayoto.com.tr [wpforms id=&#8221;517&#8243; title=&#8221;false&#8221;]\" \/>\n<meta property=\"og:url\" content=\"https:\/\/www.erbayoto.com.tr\/index.php\/iletisim\/\" \/>\n<meta property=\"og:site_name\" content=\"Erbay Oto Yedek Par\u00e7a\" \/>\n<meta property=\"article:publisher\" content=\"https:\/\/www.facebook.com\/erbayotocomtr\" \/>\n<meta property=\"article:modified_time\" content=\"2022-12-06T20:58:18+00:00\" \/>\n<meta property=\"og:image\" content=\"https:\/\/www.erbayoto.com.tr\/wp-content\/uploads\/2022\/11\/erbay-oto-erzurum-iletisim.jpg\" \/>\n<meta name=\"twitter:card\" content=\"summary_large_image\" \/>\n<script type=\"application\/ld+json\" class=\"yoast-schema-graph\">{\"@context\":\"https:\/\/schema.org\",\"@graph\":[{\"@type\":\"WebPage\",\"@id\":\"https:\/\/www.erbayoto.com.tr\/index.php\/iletisim\/\",\"url\":\"https:\/\/www.erbayoto.com.tr\/index.php\/iletisim\/\",\"name\":\"\u0130leti\u015fim - Erbay Oto Yedek Par\u00e7a\",\"isPartOf\":{\"@id\":\"https:\/\/www.erbayoto.com.tr\/#website\"},\"primaryImageOfPage\":{\"@id\":\"https:\/\/www.erbayoto.com.tr\/index.php\/iletisim\/#primaryimage\"},\"image\":{\"@id\":\"https:\/\/www.erbayoto.com.tr\/index.php\/iletisim\/#primaryimage\"},\"thumbnailUrl\":\"https:\/\/www.erbayoto.com.tr\/wp-content\/uploads\/2022\/11\/erbay-oto-erzurum-iletisim.jpg\",\"datePublished\":\"2022-11-26T19:08:15+00:00\",\"dateModified\":\"2022-12-06T20:58:18+00:00\",\"breadcrumb\":{\"@id\":\"https:\/\/www.erbayoto.com.tr\/index.php\/iletisim\/#breadcrumb\"},\"inLanguage\":\"tr\",\"potentialAction\":[{\"@type\":\"ReadAction\",\"target\":[\"https:\/\/www.erbayoto.com.tr\/index.php\/iletisim\/\"]}]},{\"@type\":\"ImageObject\",\"inLanguage\":\"tr\",\"@id\":\"https:\/\/www.erbayoto.com.tr\/index.php\/iletisim\/#primaryimage\",\"url\":\"https:\/\/www.erbayoto.com.tr\/wp-content\/uploads\/2022\/11\/erbay-oto-erzurum-iletisim.jpg\",\"contentUrl\":\"https:\/\/www.erbayoto.com.tr\/wp-content\/uploads\/2022\/11\/erbay-oto-erzurum-iletisim.jpg\",\"width\":561,\"height\":655},{\"@type\":\"BreadcrumbList\",\"@id\":\"https:\/\/www.erbayoto.com.tr\/index.php\/iletisim\/#breadcrumb\",\"itemListElement\":[{\"@type\":\"ListItem\",\"position\":1,\"name\":\"Anasayfa\",\"item\":\"https:\/\/www.erbayoto.com.tr\/\"},{\"@type\":\"ListItem\",\"position\":2,\"name\":\"\u0130leti\u015fim\"}]},{\"@type\":\"WebSite\",\"@id\":\"https:\/\/www.erbayoto.com.tr\/#website\",\"url\":\"https:\/\/www.erbayoto.com.tr\/\",\"name\":\"Erbay Oto Yedek Par\u00e7a - Do\u011fu Anadolu Oto Yedek Par\u00e7a\",\"description\":\"Erzurum Oto Yedek Par\u00e7a\",\"publisher\":{\"@id\":\"https:\/\/www.erbayoto.com.tr\/#organization\"},\"alternateName\":\"Erbay Oto Yedek Par\u00e7a - Erzurum Oto Yedek Par\u00e7a\",\"potentialAction\":[{\"@type\":\"SearchAction\",\"target\":{\"@type\":\"EntryPoint\",\"urlTemplate\":\"https:\/\/www.erbayoto.com.tr\/?s={search_term_string}\"},\"query-input\":{\"@type\":\"PropertyValueSpecification\",\"valueRequired\":true,\"valueName\":\"search_term_string\"}}],\"inLanguage\":\"tr\"},{\"@type\":\"Organization\",\"@id\":\"https:\/\/www.erbayoto.com.tr\/#organization\",\"name\":\"Erbay Oto Yedek Par\u00e7a - Do\u011fu Anadolu Oto Yedek Par\u00e7a\",\"url\":\"https:\/\/www.erbayoto.com.tr\/\",\"logo\":{\"@type\":\"ImageObject\",\"inLanguage\":\"tr\",\"@id\":\"https:\/\/www.erbayoto.com.tr\/#\/schema\/logo\/image\/\",\"url\":\"https:\/\/www.erbayoto.com.tr\/wp-content\/uploads\/2022\/12\/ERBAY-300-\u00d7-300-piksel-6.png\",\"contentUrl\":\"https:\/\/www.erbayoto.com.tr\/wp-content\/uploads\/2022\/12\/ERBAY-300-\u00d7-300-piksel-6.png\",\"width\":300,\"height\":200,\"caption\":\"Erbay Oto Yedek Par\u00e7a - Do\u011fu Anadolu Oto Yedek Par\u00e7a\"},\"image\":{\"@id\":\"https:\/\/www.erbayoto.com.tr\/#\/schema\/logo\/image\/\"},\"sameAs\":[\"https:\/\/www.facebook.com\/erbayotocomtr\",\"https:\/\/www.instagram.com\/erbayotocomtr\/\"]}]}<\/script>\n<!-- \/ Yoast SEO plugin. -->","yoast_head_json":{"title":"\u0130leti\u015fim - Erbay Oto Yedek Par\u00e7a","robots":{"index":"index","follow":"follow","max-snippet":"max-snippet:-1","max-image-preview":"max-image-preview:large","max-video-preview":"max-video-preview:-1"},"canonical":"https:\/\/www.erbayoto.com.tr\/index.php\/iletisim\/","og_locale":"tr_TR","og_type":"article","og_title":"\u0130leti\u015fim - Erbay Oto Yedek Par\u00e7a","og_description":"Adres Kurtulu\u015f Mahallesi 11. Sanayi Sokak Erzurum Oto Tamir ve \u0130malat\u00e7\u0131lar Odas\u0131 B Blok No: 4\/B, Yakutiye\/Erzurum +90 533 812 37 82 &#8211; WhatsApp \u0130leti\u015fim Whatsapp Icon&#8217;a t\u0131klayabilirsiniz. +90 537 496 66 84 &#8211; WhatsApp \u0130leti\u015fim Whatsapp Icon&#8217;a t\u0131klayabilirsiniz. E-Posta info@erbayoto.com.tr [wpforms id=&#8221;517&#8243; title=&#8221;false&#8221;]","og_url":"https:\/\/www.erbayoto.com.tr\/index.php\/iletisim\/","og_site_name":"Erbay Oto Yedek Par\u00e7a","article_publisher":"https:\/\/www.facebook.com\/erbayotocomtr","article_modified_time":"2022-12-06T20:58:18+00:00","og_image":[{"url":"https:\/\/www.erbayoto.com.tr\/wp-content\/uploads\/2022\/11\/erbay-oto-erzurum-iletisim.jpg","type":"","width":"","height":""}],"twitter_card":"summary_large_image","schema":{"@context":"https:\/\/schema.org","@graph":[{"@type":"WebPage","@id":"https:\/\/www.erbayoto.com.tr\/index.php\/iletisim\/","url":"https:\/\/www.erbayoto.com.tr\/index.php\/iletisim\/","name":"\u0130leti\u015fim - Erbay Oto Yedek Par\u00e7a","isPartOf":{"@id":"https:\/\/www.erbayoto.com.tr\/#website"},"primaryImageOfPage":{"@id":"https:\/\/www.erbayoto.com.tr\/index.php\/iletisim\/#primaryimage"},"image":{"@id":"https:\/\/www.erbayoto.com.tr\/index.php\/iletisim\/#primaryimage"},"thumbnailUrl":"https:\/\/www.erbayoto.com.tr\/wp-content\/uploads\/2022\/11\/erbay-oto-erzurum-iletisim.jpg","datePublished":"2022-11-26T19:08:15+00:00","dateModified":"2022-12-06T20:58:18+00:00","breadcrumb":{"@id":"https:\/\/www.erbayoto.com.tr\/index.php\/iletisim\/#breadcrumb"},"inLanguage":"tr","potentialAction":[{"@type":"ReadAction","target":["https:\/\/www.erbayoto.com.tr\/index.php\/iletisim\/"]}]},{"@type":"ImageObject","inLanguage":"tr","@id":"https:\/\/www.erbayoto.com.tr\/index.php\/iletisim\/#primaryimage","url":"https:\/\/www.erbayoto.com.tr\/wp-content\/uploads\/2022\/11\/erbay-oto-erzurum-iletisim.jpg","contentUrl":"https:\/\/www.erbayoto.com.tr\/wp-content\/uploads\/2022\/11\/erbay-oto-erzurum-iletisim.jpg","width":561,"height":655},{"@type":"BreadcrumbList","@id":"https:\/\/www.erbayoto.com.tr\/index.php\/iletisim\/#breadcrumb","itemListElement":[{"@type":"ListItem","position":1,"name":"Anasayfa","item":"https:\/\/www.erbayoto.com.tr\/"},{"@type":"ListItem","position":2,"name":"\u0130leti\u015fim"}]},{"@type":"WebSite","@id":"https:\/\/www.erbayoto.com.tr\/#website","url":"https:\/\/www.erbayoto.com.tr\/","name":"Erbay Oto Yedek Par\u00e7a - Do\u011fu Anadolu Oto Yedek Par\u00e7a","description":"Erzurum Oto Yedek Par\u00e7a","publisher":{"@id":"https:\/\/www.erbayoto.com.tr\/#organization"},"alternateName":"Erbay Oto Yedek Par\u00e7a - Erzurum Oto Yedek Par\u00e7a","potentialAction":[{"@type":"SearchAction","target":{"@type":"EntryPoint","urlTemplate":"https:\/\/www.erbayoto.com.tr\/?s={search_term_string}"},"query-input":{"@type":"PropertyValueSpecification","valueRequired":true,"valueName":"search_term_string"}}],"inLanguage":"tr"},{"@type":"Organization","@id":"https:\/\/www.erbayoto.com.tr\/#organization","name":"Erbay Oto Yedek Par\u00e7a - Do\u011fu Anadolu Oto Yedek Par\u00e7a","url":"https:\/\/www.erbayoto.com.tr\/","logo":{"@type":"ImageObject","inLanguage":"tr","@id":"https:\/\/www.erbayoto.com.tr\/#\/schema\/logo\/image\/","url":"https:\/\/www.erbayoto.com.tr\/wp-content\/uploads\/2022\/12\/ERBAY-300-\u00d7-300-piksel-6.png","contentUrl":"https:\/\/www.erbayoto.com.tr\/wp-content\/uploads\/2022\/12\/ERBAY-300-\u00d7-300-piksel-6.png","width":300,"height":200,"caption":"Erbay Oto Yedek Par\u00e7a - Do\u011fu Anadolu Oto Yedek Par\u00e7a"},"image":{"@id":"https:\/\/www.erbayoto.com.tr\/#\/schema\/logo\/image\/"},"sameAs":["https:\/\/www.facebook.com\/erbayotocomtr","https:\/\/www.instagram.com\/erbayotocomtr\/"]}]}},"_links":{"self":[{"href":"https:\/\/www.erbayoto.com.tr\/index.php\/wp-json\/wp\/v2\/pages\/19","targetHints":{"allow":["GET"]}}],"collection":[{"href":"https:\/\/www.erbayoto.com.tr\/index.php\/wp-json\/wp\/v2\/pages"}],"about":[{"href":"https:\/\/www.erbayoto.com.tr\/index.php\/wp-json\/wp\/v2\/types\/page"}],"author":[{"embeddable":true,"href":"https:\/\/www.erbayoto.com.tr\/index.php\/wp-json\/wp\/v2\/users\/1"}],"replies":[{"embeddable":true,"href":"https:\/\/www.erbayoto.com.tr\/index.php\/wp-json\/wp\/v2\/comments?post=19"}],"version-history":[{"count":25,"href":"https:\/\/www.erbayoto.com.tr\/index.php\/wp-json\/wp\/v2\/pages\/19\/revisions"}],"predecessor-version":[{"id":1658,"href":"https:\/\/www.erbayoto.com.tr\/index.php\/wp-json\/wp\/v2\/pages\/19\/revisions\/1658"}],"wp:attachment":[{"href":"https:\/\/www.erbayoto.com.tr\/index.php\/wp-json\/wp\/v2\/media?parent=19"}],"curies":[{"name":"wp","href":"https:\/\/api.w.org\/{rel}","templated":true}]}}